tens digit of m?
5
Let i be 40/(-16)*8/10. What is the units digit of (i/5)/(1/(-215))?
6
Suppose -23*p - 16 = -31*p. Suppose 0 = -4*j - 4*i + 648, 1 = -p*i + i. What is the tens digit of j?
6
Let n(h) = -h**3 + 10*h**2 - 11*h + 24. Let x be n(9). Suppose 4*a - g - 18 = 7, 2*g - x = 0. What is the units digit of a?
7
Let k(s) = 23*s - 2. Let j be 10/(-35) - 61/7. Let i be j/(-12) - (-5)/4. What is the tens digit of k(i)?
4
Let w(o) = -2*o**2 - 35*o + 11. Let n be w(-19). What is the tens digit of 724/14 - (3 - n/(-14))?
5
What is the tens digit of (-21956)/(-9) + (-4)/(-9)?
4
Let h(p) = 5*p**2 + p + 12. What is the units digit of h(3)?
0
Let t(i) = 9*i - 7. Let c be t(2). Let f(y) = -y**2 + 17*y - 9. What is the units digit of f(c)?
7
Suppose -244*k = -237*k - 5341. What is the tens digit of k?
6
Let b = -25 - -28. Suppose b*w + 6 = -0. Let t(v) = -14*v - 2. What is the units digit of t(w)?
6
Suppose -2*f = -5*f + 42. Let a = f - -26. Let m = a + -10. What is the units digit of m?
0
Suppose 0 = 5*c - 5*r + 1150, -2*r = 2*c + 271 + 189. Let p be c/8 + (-1)/4. Let b = 51 + p. What is the units digit of b?
2
Suppose -y - 102 = -282. Suppose 0*n + 3*n + 4*b = 80, 5*n = 5*b + y. What is the units digit of n?
2
Let p(q) = q**3 + 14*q**2 - 19*q - 30. Let u be p(-15). What is the hundreds digit of (u/(-6) + 291)/2?
1
Let p be 4/12*(3 - 3). Suppose p = 5*m + 7 - 32. Suppose -4*n = -12, -h = -m*h + 2*n + 38. What is the units digit of h?
1
Let v(p) = p**3 + p**2. Let g be v(1). Suppose f - g*d - 20 = -4*d, -2*f - 5*d = -37. Let y = -21 + f. What is the units digit of y?
5
Suppose 260 = -2*n - 3*n. Let p be n/(-14) - 2/(-7). Suppose -3 = -w + p. What is the units digit of w?
7
Suppose -3*r + 16 = -2*r + 4*k, 2*r + 3*k - 12 = 0. Suppose -6*t + 5*t + 40 = r. What is the units digit of t?
0
Let l = 424 + -168. What is the units digit of ((-18)/(-15))/(-6) - l/(-5)?
1
Let p be (-67 - 0) + 2/(-1). Let x = 25 + p. What is the units digit of -4 - (0 + -3 + x)?
3
Let x(u) = 14*u - 4. Let l = 8 - 6. Let w be x(l). Let y = w + -6. What is the units digit of y?
8
Suppose -5 = 5*y, y = -4*n + 15 + 8. Suppose n = 5*x - 4. Suppose -o - x + 7 = 0. What is the units digit of o?
5
Suppose 0*p - 4*p = p. Suppose -9*h - h + 930 = p. What is the units digit of h?
3
Suppose 0 = -12*t - 19*t + 28*t. Suppose t = -5*r + 20, -3*r = -4*c + 219 + 561. What is the tens digit of c?
9
Let t(i) = -9*i + 12. Let p be t(8). Let u = p - -135. Suppose -5*v + 3*s + u = 0, s + s = -5*v + 75. What is the units digit of v?
5
Let l be (-5)/2*(3 - 5). Suppose -3*u + 5 = -l*c, 6*u - 19 = -2*c + 3*u. Suppose -c*m = -0*m - 68. What is the units digit of m?
4
Let c(z) = -z**3 + 9*z**2 + 12*z + 6. Let r = -13 - -24. Let w be 112/r - 4/22. What is the tens digit of c(w)?
2
Suppose -6*n = -n - 35. Let j = 8 - n. What is the units digit of j?
1
Let m(p) = 14*p - 9. Let r be m(7). Let a = r - 50. What is the units digit of a?
9
Let l be 1491/2*12/(-9). What is the tens digit of 4/((-88)/l) + (-2)/11?
4
Let t(f) be the first derivative of 8*f**2 - 6*f - 5. Let y be t(4). Let r = y - 40. What is the units digit of r?
8
Suppose 45*s = 236609 + 51346. What is the thousands digit of s?
6
Let b = 103 + -106. What is the units digit of b*(-6)/90 + 2068/10?
7
Suppose 2*n - 4*k = -44, -k = n + 2 + 11. Let q = n + 61. What is the units digit of q?
5
Suppose 22 + 18 = -5*q. Let o(r) = -r - 40. Let n be o(-23). Let h = q - n. What is the units digit of h?
9
Let z(j) = -227*j**3 + j**2 + j. Let o be z(-1). Suppose 8*d - o = 85. What is the units digit of d?
9
Let f(g) = 5*g + 1. Let i be f(2). Let x = -34 + i. Let u = -8 - x. What is the units digit of u?
5
Let m(q) = -q**3 - 6*q**2 + 12*q + 2. Let b(o) = -o**2 + 11*o - 5. Let x be b(10). Suppose 2*n + 1 + x = 0, -2*n = 5*s + 46. What is the tens digit of m(s)?
3
Let q(l) = -l**3 - l**2 - 2*l - 2. Let g be q(0). Let u be 121 + -2 + g + 0. Suppose -u = -16*s + 13*s. What is the units digit of s?
9
Let i(v) = -2*v**3 + v**2 - v - 1. Let p be (-2)/9 + 14/(-18). Let k be i(p). What is the units digit of (0 + k - 4)*-6?
6
Let b be (248/6)/((-2)/(-3)). Let i = b + -39. What is the tens digit of i?
2
Suppose 132*f = 220761 + 132339. What is the units digit of f?
5
Let k(n) = -n + 144. Let s be k(0). Let o(p) = -p**2 - 27*p - 174. Let q be o(-11). Suppose -q*l = -0*l - s. What is the tens digit of l?
7
Suppose -18 = 6*x + 6. Let k = 65 - x. What is the tens digit of k?
6
Let w = 12 + -13. Let m be (w/(-2) + -1)*-10. Let o(j) = 3*j + 7. What is the tens digit of o(m)?
2
Suppose 5*x - 4*m - 4468 = -0*x, 3*m = -5*x + 4489. What is the hundreds digit of x?
8
Let k(z) = -z**2 + 11*z - 2. Let y be k(11). Let w = 111 + y. What is the hundreds digit of w?
1
Let g(x) = -3 + 16 - 2 + 3*x. Let j be g(-6). Let n(m) = -m. What is the units digit of n(j)?
7
Suppose 0 = 3*f - 0*f - p + 1, -2*f - 5 = -5*p. Let d = 83 - 80. Suppose f*g + 54 = d*g. What is the tens digit of g?
1
Let c(w) = w**3 + 7*w**2 + 7*w - 2. Let d be c(-5). Let u be (-1 + 1)*13/d. Suppose o + 4*t - 36 = u, 7*o + t - 104 = 2*o. What is the units digit of o?
0
Suppose 7*u = 8*u + 102. What is the units digit of 26/169 - u/13?
8
Suppose 5818 = 18*n - 14936. What is the thousands digit of n?
1
Suppose 0 = -0*i + 5*i - 90. Suppose 3*d = 5*z - 10 + 11, -4*z + 14 = 5*d. What is the units digit of (z - i - 2)*-1?
9
Suppose -226*j + 231*j - 8105 = 0. What is the hundreds digit of j?
6
Suppose 0*f = 6*f + 6. Let k(t) = 27*t**3 + t**2 - t. Let s be k(1). Let n = s + f. What is the tens digit of n?
2
Let h = -42 + 63. Let m = h + -16. Suppose 5*w - 4*w = y + 19, 5*y - m = 0. What is the units digit of w?
0
Let g = 72 - 68. Suppose 0*j - g*j = -8, -5*j = -4*h + 222. What is the tens digit of h?
5
Let y be (2 + (-88)/(-4))*15/2. What is the units digit of (y/48)/(6/160)?
0
Let i = 3659 + -2123. What is the units digit of (i/(-5))/(-4) - 2/(-10)?
7
Suppose -o + 3*i = 2*o - 12, -3*i - 6 = 0. Suppose o*x = 5*x. Let d(m) = -m + 25. What is the units digit of d(x)?
5
Suppose 24*f - 10*f = 13790. What is the units digit of f?
5
Suppose -3*f - 170 = 5*z, -3*f - 6*z = -4*z + 158. Let w(n) = n**2 - 7*n. Let o be w(-6). Let y = f + o. What is the tens digit of y?
2
Let m = 152 - 43. What is the hundreds digit of m?
1
Let s = 1876 + -1202. What is the hundreds digit of s?
6
Let w(m) be the third derivative of 0*m - 1/24*m**4 + 0 + 7/2*m**3 - m**2. What is the units digit of w(-10)?
1
Suppose 0*l + 4 = 4*l - 2*d, 2*l - 3*d = -2. Let k be 2*(-1)/2*-26. Suppose l*o = -2*x - 3*o + k, 4*o + 85 = 3*x. What is the tens digit of x?
2
Let g = 78 + 0. Suppose -4*w = -w - g. Suppose -w = -6*l + 136. What is the tens digit of l?
2
Suppose -5*v + 12 = -13. Suppose v = 4*r + 1. What is the units digit of 2/(156/148 - r)?
7
Let u be (-50)/(-15)*30/4. Suppose 2*t = 11 + u. What is the units digit of (-4471)/(-153) - 4/t?
9
Let n(t) = t**2 - t + 4. Let y be n(-3). Let w = y + 0. Let r = 56 - w. What is the units digit of r?
0
Let d(w) = 2*w - 3*w**2 - 205 + 2*w**2 + 207 - 5*w**3. What is the units digit of d(-2)?
4
Let t be -38*((-70)/4)/7. Suppose 5*c - 5*k = t, 3*c - 4*c + 31 = -4*k. Let n = c + -14. What is the units digit of n?
1
Let j = -43 - -1997. What is the units digit of j?
4
Let i(b) = 6*b - 43. Suppose -48 = -3*n + 3*j, 4*n - 36 = j - 4*j. What is the units digit of i(n)?
9
Suppose 5 = -5*s - 3*o, -4*s = -8*s - 4*o - 12. Let v be 1 + (4 - 1 - -2). Suppose -3*x - s*n - v = n, 2*x = 5*n + 31. What is the units digit of x?
3
Suppose 2*b - 1147 = 129. What is the hundreds digit of b?
6
Suppose 3*q - 7040 = -17*q. What is the tens digit of q?
5
Let o = 578 + -328. Suppose 2*x + 4*n = 132, 3*n - o = -3*x - 49. What is the tens digit of x - 8/(-4)*-2?
6
Suppose -4*o + 39 = -4*l - 10861, 0 = l + 1. What is the thousands digit of o?
2
What is the units digit of (122/5 - 1)*5 + 4?
1
Suppose -2*y + t + 6 = 0, 0*y = 4*y + 2*t - 28. Suppose -3*n + y*u = 3 - 27, -5*u - 3 = 4*n. What is the units digit of (-3 + 4)*(-2 + n)?
1
Suppose 3*j - 3 = 2*r - 11, 0 = 5*r - 4*j - 6. Let c be 15/r + 3/2. Let q = -4 - c. What is the units digit of q?
2
Suppose -3*x - 5*w + 21 = 0, -2*x - 2*x = 5*w - 23. Let h(z) = -4*z - 4*z + 3*z**2 + 6 - 5*z**2 + 3*z**x. What is the un